{"id":2670,"date":"2025-02-24T14:02:13","date_gmt":"2025-02-24T13:02:13","guid":{"rendered":"http:\/\/charsznica.adler.org.pl\/?page_id=2670"},"modified":"2025-12-31T09:24:10","modified_gmt":"2025-12-31T08:24:10","slug":"azbest","status":"publish","type":"page","link":"https:\/\/charsznica.pl\/?page_id=2670","title":{"rendered":"Azbest"},"content":{"rendered":"<p>[et_pb_section fb_built=&#8221;1&#8243; _builder_version=&#8221;4.27.4&#8243; _module_preset=&#8221;default&#8221; global_colors_info=&#8221;{}&#8221;][et_pb_row _builder_version=&#8221;4.27.4&#8243; _module_preset=&#8221;default&#8221; global_colors_info=&#8221;{}&#8221;][et_pb_column type=&#8221;4_4&#8243; _builder_version=&#8221;4.27.4&#8243; _module_preset=&#8221;default&#8221; global_colors_info=&#8221;{}&#8221;][et_pb_text _builder_version=&#8221;4.27.4&#8243; _module_preset=&#8221;default&#8221; text_font=&#8221;Michroma||||||||&#8221; global_colors_info=&#8221;{}&#8221;]<\/p>\n<h3>Azbest<\/h3>\n<p>[\/et_pb_text][\/et_pb_column][\/et_pb_row][et_pb_row _builder_version=&#8221;4.27.4&#8243; _module_preset=&#8221;default&#8221; global_colors_info=&#8221;{}&#8221;][et_pb_column type=&#8221;4_4&#8243; _builder_version=&#8221;4.27.4&#8243; _module_preset=&#8221;default&#8221; global_colors_info=&#8221;{}&#8221;][et_pb_text _builder_version=&#8221;4.27.4&#8243; _module_preset=&#8221;default&#8221; global_colors_info=&#8221;{}&#8221;]<\/p>\n<p align=\"center\" style=\"text-align: center;\"><span style=\"font-family: Times New Roman, serif;\"><b>AZBEST obowi\u0105zki w\u0142a\u015bcicieli i zarz\u0105dc\u00f3w nieruchomo\u015bci<\/b><\/span><\/p>\n<p style=\"text-align: center;\">\n<p align=\"justify\" style=\"text-align: center;\"><span style=\"font-family: Times New Roman, serif;\">Azbest jest substancj\u0105 stwarzaj\u0105c\u0105 szczeg\u00f3lne zagro\u017cenie dla \u015brodowiska i stanowi powa\u017cne zagro\u017cenie dla zdrowia i \u017cycia ludzi, dlatego powinien by\u0107 wykorzystywany, przemieszczany i\u00a0sukcesywnie eliminowany przy zachowaniu szczeg\u00f3lnego nadzoru oraz odpowiednich \u015brodk\u00f3w ostro\u017cno\u015bci. Termin zako\u0144czenia usuwania azbestu na terytorium Polski okre\u015blono na rok 2032.<\/span><\/p>\n<p style=\"text-align: center;\">\n<p align=\"justify\" style=\"text-align: center;\"><span style=\"font-family: Times New Roman, serif;\">Obowi\u0105zkiem w\u0142a\u015bcicieli i zarz\u0105dc\u00f3w przy u\u017cytkowaniu obiekt\u00f3w, urz\u0105dze\u0144 instalacji i innych miejsc zawieraj\u0105cych azbest jest zgodnie z \u00a7 10 ust. 1 rozporz\u0105dzenia Ministra Gospodarki z dnia 13 grudnia 2010 r. w sprawie wymaga\u0144 w zakresie wykorzystywania wyrob\u00f3w zawieraj\u0105cych azbest oraz wykorzystywania i oczyszczania instalacji lub urz\u0105dze\u0144, w kt\u00f3rych by\u0142y lub s\u0105 wykorzystywane wyroby zawieraj\u0105ce azbest (Dz. U. z 2011 r., Nr 8, poz. 31) dokonywanie corocznej inwentaryzacji wyrob\u00f3w zawieraj\u0105cych azbest poprzez sporz\u0105dzenie spisu z natury.<\/span><\/p>\n<p align=\"justify\" style=\"text-align: center;\">\n<p align=\"justify\" style=\"text-align: center;\"><span style=\"font-family: Times New Roman, serif;\">Wynik inwentaryzacji ujmuje si\u0119 w \u201einformacji o wyrobach zawieraj\u0105cych azbest\u201d, wg wzoru stanowi\u0105cego za\u0142\u0105czniku nr 3 do ww. rozporz\u0105dzenia.<\/span><\/p>\n<p align=\"justify\" style=\"text-align: center;\">\n<p align=\"justify\" style=\"text-align: center;\"><span style=\"font-family: Times New Roman, serif;\">Wykorzystuj\u0105cy wyroby azbestowe sporz\u0105dza informacj\u0119 o wyrobach zawieraj\u0105cych azbest w\u00a0dw\u00f3ch egzemplarzach:<\/span><\/p>\n<p align=\"justify\" style=\"text-align: center;\">\n<p align=\"justify\" style=\"text-align: center;\"><span style=\"font-family: Times New Roman, serif;\">&#8211; osoby fizyczne nieb\u0119d\u0105ce przedsi\u0119biorcami przedk\u0142adaj\u0105 informacj\u0119 odpowiednio w\u00f3jtowi, burmistrzowi lub prezydentowi miasta;<\/span><\/p>\n<p align=\"justify\" style=\"text-align: center;\"><span style=\"font-family: Times New Roman, serif;\">&#8211; pozosta\u0142e podmioty (np. przedsi\u0119biorcy) przedk\u0142adaj\u0105 informacj\u0119 w formie pisemnej marsza\u0142kowi wojew\u00f3dztwa.<\/span><\/p>\n<p style=\"text-align: center;\">\n<p align=\"justify\" style=\"text-align: center;\"><span style=\"font-family: Times New Roman, serif;\">Drugi egzemplarz nale\u017cy przechowywa\u0107 przez okres jednego roku, do czasu sporz\u0105dzenia nast\u0119pnej informacji. Uaktualnion\u0105 informacj\u0119 nale\u017cy sk\u0142ada\u0107 corocznie do 31 stycznia za poprzedni rok kalendarzowy, a\u017c do zaprzestania u\u017cytkowania wyrobu i jego usuni\u0119cia.<\/span><\/p>\n<p style=\"text-align: center;\">\n<p align=\"justify\" style=\"text-align: center;\"><span style=\"font-family: Times New Roman, serif;\">Ponadto w\u0142a\u015bciciel, zarz\u0105dca lub u\u017cytkownik nieruchomo\u015bci, obiektu, urz\u0105dzenia budowlanego, instalacji przemys\u0142owej lub innego miejsca zawieraj\u0105cego azbest jest zobowi\u0105zany do przeprowadzenia kontroli stanu tych wyrob\u00f3w w formie \u201eOceny stanu i mo\u017cliwo\u015bci bezpiecznego u\u017cytkowania wyrob\u00f3w zawieraj\u0105cych azbest\u201d.<\/span><\/p>\n<p align=\"justify\" style=\"text-align: center;\">\n<p align=\"justify\" style=\"text-align: center;\"><span style=\"font-family: Times New Roman, serif;\">Ocen\u0119 t\u0119 sporz\u0105dza si\u0119 w celu kwalifikacji wyrob\u00f3w azbestowych do dalszego u\u017cytkowania lub usuni\u0119cia oraz okre\u015blenia stopnia pilno\u015bci podj\u0119cia dzia\u0142a\u0144 naprawczych. Ocena jest sporz\u0105dzana na formularzu, kt\u00f3ry stanowi za\u0142\u0105cznik do Rozporz\u0105dzenia Ministra Gospodarki, Pracy i Polityki Spo\u0142ecznej z dnia 2 kwietnia 2004 r. w sprawie sposob\u00f3w i warunk\u00f3w bezpiecznego u\u017cytkowania i usuwania wyrob\u00f3w zawieraj\u0105cych azbest (Dz. U. Nr 71, poz. 649 oraz Dz. U. z 2010 r., Nr 162, poz. 1089) w jednym egzemplarzu.<\/span><\/p>\n<p align=\"justify\" style=\"text-align: center;\">\n<p align=\"justify\" style=\"text-align: center;\"><span style=\"font-family: Times New Roman, serif;\">Wype\u0142niony formularz oceny pozostaje u w\u0142a\u015bciciela, u\u017cytkownika lub zarz\u0105dcy nieruchomo\u015bci \u0142\u0105cznie z dokumentacj\u0105 miejsca zawieraj\u0105cego azbest, obiektu, urz\u0105dzenia budowlanego lub instalacji przemys\u0142owej, a w przypadku obiekt\u00f3w dla kt\u00f3rych prowadzona jest ksi\u0105\u017cka obiektu budowlanego, ocen\u0119 do\u0142\u0105cza si\u0119 do tej ksi\u0105\u017cki. W przypadku wykonania prac polegaj\u0105cych na zabezpieczeniu wyrob\u00f3w zawieraj\u0105cych azbest poprzez zabudow\u0119 lub na\u0142o\u017cenie pow\u0142oki, nale\u017cy ponownie sporz\u0105dzi\u0107 Ocen\u0119 stanu tych wyrob\u00f3w w terminie 30 dni od przeprowadzenia zabezpieczenia.<\/span><\/p>\n<p align=\"justify\" style=\"text-align: center;\">\n<p align=\"justify\" style=\"text-align: center;\"><span style=\"font-family: Times New Roman, serif;\">Obowi\u0105zki w\u0142a\u015bcicieli i zarz\u0105dc\u00f3w nieruchomo\u015bci, obiektu, urz\u0105dzenia budowlanego, instalacji przemys\u0142owej lub innego miejsca zawieraj\u0105cego azbest oraz spos\u00f3b post\u0119powania z wyrobami zawieraj\u0105cymi azbest okre\u015blaj\u0105 przepisy prawne, w szczeg\u00f3lno\u015bci:<\/span><\/p>\n<p style=\"text-align: center;\">\n<p align=\"justify\" style=\"text-align: center;\"><span style=\"font-family: Times New Roman, serif;\">&#8211; rozporz\u0105dzenie Ministra Gospodarki, Pracy i Polityki Spo\u0142ecznej z dnia 2 kwietnia 2004 r. w\u00a0sprawie sposob\u00f3w i warunk\u00f3w bezpiecznego u\u017cytkowania i usuwania wyrob\u00f3w zawieraj\u0105cych azbest (Dz. U. Nr 71, poz. 649 oraz Dz. U. z 2010 r. Nr 162, poz.1089);<\/span><\/p>\n<p align=\"justify\" style=\"text-align: center;\"><span style=\"font-family: Times New Roman, serif;\">&#8211; rozporz\u0105dzenie Ministra Gospodarki z dnia 13 grudnia 2010 r. w sprawie wymaga\u0144 w zakresie wykorzystania wyrob\u00f3w zawieraj\u0105cych azbest oraz wykorzystania i oczyszczania instalacji lub urz\u0105dze\u0144, w kt\u00f3rych by\u0142y lub s\u0105 wykorzystywane wyroby zawieraj\u0105ce azbest (Dz. U z 2011 r., Nr 8, poz. 31);<\/span><\/p>\n<p align=\"justify\" style=\"text-align: center;\"><span style=\"font-family: Times New Roman, serif;\">&#8211; rozporz\u0105dzenie Ministra Gospodarki i Pracy z dnia 14 pa\u017adziernika 2005 r. w sprawie zasad bezpiecze\u0144stwa i higieny pracy przy zabezpieczeniu i usuwaniu wyrob\u00f3w zawieraj\u0105cych azbest oraz programu szkolenia w zakresie bezpiecznego u\u017cytkowania takich wyrob\u00f3w (Dz. U. Nr 216, poz.1824).<\/span><\/p>\n<p align=\"justify\" style=\"text-align: center;\">[\/et_pb_text][\/et_pb_column][\/et_pb_row][et_pb_row _builder_version=&#8221;4.27.4&#8243; _module_preset=&#8221;default&#8221; global_colors_info=&#8221;{}&#8221;][et_pb_column type=&#8221;4_4&#8243; _builder_version=&#8221;4.27.4&#8243; _module_preset=&#8221;default&#8221; global_colors_info=&#8221;{}&#8221;][et_pb_text _builder_version=&#8221;4.27.4&#8243; _module_preset=&#8221;default&#8221; text_text_color=&#8221;#7CDA24&#8243; global_colors_info=&#8221;{}&#8221;]<\/p>\n<p><a href=\"https:\/\/charsznica.pl\/wp-content\/uploads\/2025\/04\/informacja_o_wyrobach_zaw._azbest_pdf_docx.pdf\" rel=\"attachment wp-att-3331\">Informacja_o_wyrobach_zaw._azbest<\/a><\/p>\n<p>[\/et_pb_text][\/et_pb_column][\/et_pb_row][et_pb_row _builder_version=&#8221;4.27.4&#8243; _module_preset=&#8221;default&#8221;][et_pb_column _builder_version=&#8221;4.27.4&#8243; _module_preset=&#8221;default&#8221; type=&#8221;4_4&#8243;][et_pb_text _builder_version=&#8221;4.27.4&#8243; _module_preset=&#8221;default&#8221; hover_enabled=&#8221;0&#8243; sticky_enabled=&#8221;0&#8243;]<\/p>\n<h3>Informacja o obowi\u0105zku zg\u0142oszenia lub zaprzestania u\u017cytkowania wyrob\u00f3w azbestowych<\/h3>\n<p>[\/et_pb_text][\/et_pb_column][\/et_pb_row][et_pb_row _builder_version=&#8221;4.27.4&#8243; _module_preset=&#8221;default&#8221;][et_pb_column _builder_version=&#8221;4.27.4&#8243; _module_preset=&#8221;default&#8221; type=&#8221;4_4&#8243;][et_pb_text _builder_version=&#8221;4.27.4&#8243; _module_preset=&#8221;default&#8221; hover_enabled=&#8221;0&#8243; sticky_enabled=&#8221;0&#8243;]<\/p>\n<p><a href=\"https:\/\/charsznica.pl\/wp-content\/uploads\/2025\/12\/Informacja-o-azbescie.odt\" rel=\"attachment wp-att-3979\">Informacja o azbe\u015bcie<\/a><\/p>\n<p><a href=\"https:\/\/charsznica.pl\/wp-content\/uploads\/2025\/12\/Wzor-informacji-o-azbescie.doc\" rel=\"attachment wp-att-3980\">Wzor-informacji-o-azbescie<\/a><\/p>\n<p>[\/et_pb_text][\/et_pb_column][\/et_pb_row][\/et_pb_section]<\/p>\n","protected":false},"excerpt":{"rendered":"<p>AzbestAZBEST obowi\u0105zki w\u0142a\u015bcicieli i zarz\u0105dc\u00f3w nieruchomo\u015bci Azbest jest substancj\u0105 stwarzaj\u0105c\u0105 szczeg\u00f3lne zagro\u017cenie dla \u015brodowiska i stanowi powa\u017cne zagro\u017cenie dla zdrowia i \u017cycia ludzi, dlatego powinien by\u0107 wykorzystywany, przemieszczany i\u00a0sukcesywnie eliminowany przy zachowaniu szczeg\u00f3lnego nadzoru oraz odpowiednich \u015brodk\u00f3w ostro\u017cno\u015bci. Termin zako\u0144czenia usuwania azbestu na terytorium Polski okre\u015blono na rok 2032. Obowi\u0105zkiem w\u0142a\u015bcicieli i zarz\u0105dc\u00f3w przy u\u017cytkowaniu obiekt\u00f3w, urz\u0105dze\u0144 instalacji i innych miejsc zawieraj\u0105cych azbest jest zgodnie z \u00a7 10 ust. 1 rozporz\u0105dzenia Ministra Gospodarki z dnia 13 grudnia 2010 r. w sprawie wymaga\u0144 w zakresie wykorzystywania wyrob\u00f3w zawieraj\u0105cych azbest oraz wykorzystywania i oczyszczania instalacji lub urz\u0105dze\u0144, w kt\u00f3rych by\u0142y lub s\u0105 wykorzystywane wyroby zawieraj\u0105ce azbest (Dz. U. z 2011 r., Nr 8, poz. 31) dokonywanie corocznej inwentaryzacji wyrob\u00f3w zawieraj\u0105cych azbest poprzez sporz\u0105dzenie spisu z natury. Wynik inwentaryzacji ujmuje si\u0119 w \u201einformacji o wyrobach zawieraj\u0105cych azbest\u201d, wg wzoru stanowi\u0105cego za\u0142\u0105czniku nr 3 do ww. rozporz\u0105dzenia. Wykorzystuj\u0105cy wyroby azbestowe sporz\u0105dza informacj\u0119 o wyrobach zawieraj\u0105cych azbest w\u00a0dw\u00f3ch egzemplarzach: &#8211; osoby fizyczne nieb\u0119d\u0105ce przedsi\u0119biorcami przedk\u0142adaj\u0105 informacj\u0119 odpowiednio w\u00f3jtowi, burmistrzowi lub prezydentowi miasta; &#8211; pozosta\u0142e podmioty (np. przedsi\u0119biorcy) przedk\u0142adaj\u0105 informacj\u0119 w formie pisemnej marsza\u0142kowi wojew\u00f3dztwa. Drugi egzemplarz nale\u017cy przechowywa\u0107 przez okres jednego roku, do czasu sporz\u0105dzenia nast\u0119pnej informacji. Uaktualnion\u0105 informacj\u0119 nale\u017cy sk\u0142ada\u0107 corocznie do 31 stycznia [&hellip;]<\/p>\n","protected":false},"author":1,"featured_media":0,"parent":2664,"menu_order":0,"comment_status":"closed","ping_status":"closed","template":"","meta":{"_et_pb_use_builder":"on","_et_pb_old_content":"","_et_gb_content_width":"","footnotes":""},"class_list":["post-2670","page","type-page","status-publish","hentry"],"_links":{"self":[{"href":"https:\/\/charsznica.pl\/index.php?rest_route=\/wp\/v2\/pages\/2670","targetHints":{"allow":["GET"]}}],"collection":[{"href":"https:\/\/charsznica.pl\/index.php?rest_route=\/wp\/v2\/pages"}],"about":[{"href":"https:\/\/charsznica.pl\/index.php?rest_route=\/wp\/v2\/types\/page"}],"author":[{"embeddable":true,"href":"https:\/\/charsznica.pl\/index.php?rest_route=\/wp\/v2\/users\/1"}],"replies":[{"embeddable":true,"href":"https:\/\/charsznica.pl\/index.php?rest_route=%2Fwp%2Fv2%2Fcomments&post=2670"}],"version-history":[{"count":8,"href":"https:\/\/charsznica.pl\/index.php?rest_route=\/wp\/v2\/pages\/2670\/revisions"}],"predecessor-version":[{"id":3982,"href":"https:\/\/charsznica.pl\/index.php?rest_route=\/wp\/v2\/pages\/2670\/revisions\/3982"}],"up":[{"embeddable":true,"href":"https:\/\/charsznica.pl\/index.php?rest_route=\/wp\/v2\/pages\/2664"}],"wp:attachment":[{"href":"https:\/\/charsznica.pl\/index.php?rest_route=%2Fwp%2Fv2%2Fmedia&parent=2670"}],"curies":[{"name":"wp","href":"https:\/\/api.w.org\/{rel}","templated":true}]}}